common factor of 4 and 179?
1
What is the highest common factor of 6272 and 49?
49
Calculate the highest common factor of 2712 and 6.
6
Calculate the highest common divisor of 1717 and 101.
101
What is the highest common divisor of 369 and 492?
123
Calculate the greatest common divisor of 52 and 39.
13
What is the greatest common factor of 510 and 3162?
102
What is the greatest common factor of 108 and 1341?
9
Calculate the greatest common factor of 24 and 348.
12
Calculate the highest common divisor of 31 and 217.
31
Calculate the highest common divisor of 159 and 21783.
159
Calculate the highest common factor of 32 and 56.
8
What is the highest common divisor of 80 and 3312?
16
Calculate the highest common divisor of 140 and 60.
20
What is the highest common divisor of 273 and 390?
39
Calculate the highest common divisor of 3780 and 150.
30
Calculate the highest common factor of 54 and 1026.
54
What is the greatest common divisor of 174 and 258?
6
Calculate the greatest common divisor of 68 and 17.
17
Calculate the greatest common divisor of 44 and 44.
44
What is the greatest common divisor of 57 and 3040?
19
Calculate the highest common factor of 1449 and 115.
23
Calculate the greatest common factor of 34 and 29818.
34
What is the greatest common factor of 126 and 10038?
42
Calculate the greatest common factor of 3724 and 42.
14
Calculate the greatest common divisor of 945 and 525.
105
What is the highest common divisor of 464 and 58?
58
Calculate the highest common factor of 131 and 14017.
131
What is the greatest common divisor of 78 and 12?
6
Calculate the greatest common divisor of 212 and 4.
4
Calculate the highest common divisor of 113 and 1921.
113
Calculate the highest common divisor of 124 and 310.
62
What is the highest common divisor of 6916 and 208?
52
Calculate the highest common divisor of 73 and 1679.
73
What is the highest common factor of 18 and 16362?
18
Calculate the greatest common factor of 48 and 816.
48
What is the highest common factor of 3097 and 2119?
163
Calculate the greatest common factor of 17344 and 64.
64
Calculate the greatest common divisor of 973 and 7.
7
Calculate the greatest common factor of 14 and 133.
7
Calculate the greatest common divisor of 602 and 10.
2
Calculate the greatest common divisor of 33 and 6270.
33
Calculate the greatest common divisor of 25 and 10.
5
Calculate the greatest common factor of 5588 and 6096.
508
What is the highest common divisor of 400 and 16?
16
What is the greatest common factor of 76 and 27436?
76
Calculate the highest common divisor of 1972 and 928.
116
What is the highest common divisor of 217 and 26257?
217
What is the highest common factor of 1034 and 55?
11
Calculate the highest common factor of 434 and 112.
14
Calculate the greatest common divisor of 138 and 2829.
69
Calculate the highest common divisor of 89 and 8188.
89
What is the highest common divisor of 106 and 265?
53
What is the greatest common factor of 4 and 10?
2
What is the highest common divisor of 12851 and 71?
71
Calculate the greatest common divisor of 3174 and 276.
138
Calculate the greatest common divisor of 14 and 146090.
14
What is the greatest common factor of 1598 and 136?
34
Calculate the greatest common divisor of 4456 and 8.
8
What is the greatest common factor of 430 and 129?
43
Calculate the greatest common divisor of 10 and 1930.
10
Calculate the highest common factor of 154 and 70.
14
Calculate the greatest common factor of 2016 and 592.
16
What is the highest common factor of 2136 and 216?
24
What is the greatest common divisor of 25001 and 23?
23
Calculate the greatest common divisor of 968 and 136.
8
What is the greatest common factor of 1269 and 47?
47
Calculate the highest common divisor of 396 and 1812.
12
What is the highest common divisor of 180 and 96?
12
Calculate the highest common factor of 176 and 110.
22
What is the highest common divisor of 2133 and 2?
1
Calculate the greatest common divisor of 4869 and 27.
9
Calculate the highest common divisor of 243 and 351.
27
Calculate the greatest common divisor of 1952 and 61.
61
Calculate the highest common divisor of 108 and 675.
27
Calculate the highest common factor of 14661 and 9.
9
Calculate the highest common divisor of 145 and 20.
5
Calculate the highest common divisor of 351 and 195.
39
Calculate the greatest common divisor of 84 and 378.
42
Calculate the greatest common factor of 553 and 14.
7
What is the greatest common factor of 96 and 3216?
48
What is the greatest common factor of 8767 and 11?
11
What is the greatest common factor of 125 and 50?
25
What is the greatest common factor of 776 and 32?
8
Calculate the greatest common factor of 12 and 636.
12
Calculate the greatest common factor of 26 and 429.
13
What is the greatest common factor of 2400 and 72?
24
Calculate the greatest common divisor of 775 and 186.
31
What is the highest common factor of 4118 and 174?
58
Calculate the highest common divisor of 64 and 160.
32
What is the greatest common factor of 114 and 152?
38
What is the greatest common divisor of 20 and 580?
20
Calculate the highest common divisor of 10 and 80.
10
What is the highest common divisor of 2794 and 22?
22
Calculate the highest common factor of 33 and 22.
11
Calculate the highest common divisor of 80600 and 310.
310
What is the greatest common factor of 45 and 8025?
15
What is the greatest common divisor of 56 and 248?
8
What is the greatest common divisor of 2980 and 40?
20
What is the greatest common divisor of 212 and 1007?
53
What is the greatest common factor of 91 and 52?
13
What is the greatest common divisor of 648 and 16?
8
What is the highest common factor of 112 and 952?
56
Calculate the greatest common factor of 172 and 36.
4
What is the highest common factor of 279 and 54?
9
Calculate the highest common divisor of 469 and 134.
67
Calculate the greatest common divisor of 1135 and 10.
5
What is the greatest common divisor of 27475 and 175?
175
What is the greatest common divisor of 343 and 539?
49
What is the highest common factor of 261 and 45?
9
Calculate the highest common divisor of 1440 and 1240.
40
Calculate the greatest common divisor of 34335 and 109.
109
What is the greatest common divisor of 12040 and 105?
35
Calculate the highest common factor of 568 and 3834.
142
What is the highest common divisor of 18 and 2259?
9
Calculate the highest common factor of 640 and 10.
10
Calculate the highest common divisor of 54 and 198.
18
What is the highest common divisor of 28 and 133?
7
Calculate the highest common factor of 280 and 168.
56
What is the highest common factor of 28 and 77?
7
Calculate the greatest common divisor of 195 and 1599.
39
What is the greatest common factor of 132 and 2508?
132
What is the highest common divisor of 3 and 13683?
3
What is the highest common divisor of 6 and 2?
2
Calculate the highest common factor of 6050 and 250.
50
Calculate the greatest common factor of 97 and 1164.
97
Calculate the greatest common divisor of 154 and 3164.
14
Calculate the greatest common divisor of 378 and 224.
14
Calculate the highest common factor of 1800 and 15.
15
What is the highest common divisor of 287 and 35?
7
Calculate the highest common factor of 11781 and 238.
119
Calculate the highest common divisor of 133 and 7.
7
What is the greatest common factor of 8487 and 828?
207
What is the greatest common factor of 217 and 775?
31
Calculate the greatest common divisor of 18 and 738.
18
What is the highest common divisor of 323 and 209?
19
What is the greatest common divisor of 10112 and 384?
128
What is the greatest common divisor of 28 and 37786?
14
What is the greatest common divisor of 8755 and 51?
17
What is the greatest common divisor of 354 and 6?
6
Calculate the greatest common factor of 1120 and 112.
112
What is the greatest common factor of 21836 and 53?
53
Calculate the highest common divisor of 188 and 22748.
188
What is the highest common factor of 435 and 25?
5
What is the highest common divisor of 63 and 77?
7
What is the greatest common factor of 19 and 2?
1
What is the highest common divisor of 1956 and 12?
12
Calculate the greatest common divisor of 66 and 3795.
33
Calculate the highest common factor of 22 and 8734.
22
Calculate the highest co